{"id":9,"date":"2018-08-29T15:24:27","date_gmt":"2018-08-29T15:24:27","guid":{"rendered":"http:\/\/silviaostrovsky.com.ar\/?page_id=9"},"modified":"2018-08-30T18:49:02","modified_gmt":"2018-08-30T21:49:02","slug":"testimoniales","status":"publish","type":"page","link":"https:\/\/silviaostrovsky.com.ar\/index.php\/testimoniales\/","title":{"rendered":"Testimoniales"},"content":{"rendered":"<p><em>&#8220;\u2026Silvia Ostrovsky hace esta obra contundente, llena de pasi\u00f3n, como si fuese la ventana que abre para respirar m\u00e1s all\u00e1 de la ciudad y de la alineaci\u00f3n. Su obra singularmente excelente revela la gran dimensi\u00f3n que es posible que desarrolle el ser humano cuando desaline\u00e1ndose y mir\u00e1ndose en el espejo de la naturaleza accede al mundo de la ficci\u00f3n para redenominar por medio de su obra, ya no su entorno, sino la vida como energ\u00eda que reivindica como suya y personal.&#8221;<\/em><\/p>\n<p style=\"text-align: right;\"><em>Luis Felipe No\u00e9, 2007<\/em><\/p>\n<p><em>&#8220;Las pinturas de Silvia Ostrovsky tienen la particularidad de ser inquietantes, el primer contacto con ellas no nos brinda la tranquilidad perezosa de aprenderlas inmediatamente en su totalidad. M\u00e1s bien se requiere tiempo y un ejercio de observaci\u00f3n reflexiva. No son ni completamente abstractas ni completamente figurativas, nos remiten a formas que creemos conocer pero al mismo tiempo su originalidad, planimetr\u00eda, arbitrariedad de color y escala nos desconcierta. Pueden parecernos mapas, grandes superficies macrosc\u00f3picas o bien vistas microsc\u00f3picas, que articulan grandes espacios con peque\u00f1os detalles de texturas.<\/em><br \/>\n<em>Sus colores son plenos, de una gran audacia y sentido de vibraci\u00f3n crom\u00e1tica. Algunas asociaciones complementarias m\u00e1s conocidas de verdes y violetas con rojos y amarillos, se alternan de repente con un negro o un neutro que vibra junto a un color cuya saturaci\u00f3n adquiere una intensidad \u201crabiosa\u201d.<\/em><br \/>\n<em>La l\u00ednea, la otra protagonista junto al color, dibuja, delimita, se expande sientiendo la superficie como un gran campo de juego.<\/em><br \/>\n<em>Sus pinturas son libres, inquietantes, heroicas, y felices&#8221;.<\/em><\/p>\n<p style=\"text-align: right;\"><em>Elena Nieves, 2007<\/em><\/p>\n<p><em>&#8220;A medida que veo la obras de Silvia Ostrovsky, tengo la impresi\u00f3n que profundiza y ahonda en el mundo de su trabajo, poniendo en cuesti\u00f3n, relacionando, enfrentando, oponiendo y comparando relaciones de forma, color y textura que generan esas cartograf\u00edas,&#8230; esos perfiles urbanos, cada vez m\u00e1s consistentemente.-<\/em><br \/>\n<em>Los colores planos, vibrantes y fuertes conviven estimulantemente con vigorosas filigranas que describen derroteros, senderos, bordes, \u00bfl\u00edmites?<\/em><br \/>\n<em>Sin una direcci\u00f3n determinada, nos alienta y propone una aventura para involucrarnos en ese mundo, que abarca y permite m\u00faltiples miradas siempre, a mi parecer, con la riqueza de recursos que les son propias.&#8221;<\/em><\/p>\n<p style=\"text-align: right;\"><em>Jorge Sarsale, Agosto 2007.<\/em><\/p>\n","protected":false},"excerpt":{"rendered":"<p>&#8220;\u2026Silvia Ostrovsky hace esta obra contundente, llena de pasi\u00f3n, como si fuese la ventana que abre para respirar m\u00e1s all\u00e1 de la ciudad y de la alineaci\u00f3n. Su obra singularmente excelente revela la gran dimensi\u00f3n que es posible que desarrolle el ser humano cuando desaline\u00e1ndose y mir\u00e1ndose en el espejo de la naturaleza accede al<\/p>\n<p class=\"more-link-wrapper\"><a href=\"https:\/\/silviaostrovsky.com.ar\/index.php\/testimoniales\/\" class=\"more-link\">Continue Reading<span class=\"screen-reader-text\"> &#8220;Testimoniales&#8221;<\/span><\/a><\/p>\n","protected":false},"author":1,"featured_media":0,"parent":0,"menu_order":0,"comment_status":"closed","ping_status":"closed","template":"","meta":{"ngg_post_thumbnail":0,"footnotes":""},"class_list":["post-9","page","type-page","status-publish","hentry"],"_links":{"self":[{"href":"https:\/\/silviaostrovsky.com.ar\/index.php\/wp-json\/wp\/v2\/pages\/9","targetHints":{"allow":["GET"]}}],"collection":[{"href":"https:\/\/silviaostrovsky.com.ar\/index.php\/wp-json\/wp\/v2\/pages"}],"about":[{"href":"https:\/\/silviaostrovsky.com.ar\/index.php\/wp-json\/wp\/v2\/types\/page"}],"author":[{"embeddable":true,"href":"https:\/\/silviaostrovsky.com.ar\/index.php\/wp-json\/wp\/v2\/users\/1"}],"replies":[{"embeddable":true,"href":"https:\/\/silviaostrovsky.com.ar\/index.php\/wp-json\/wp\/v2\/comments?post=9"}],"version-history":[{"count":6,"href":"https:\/\/silviaostrovsky.com.ar\/index.php\/wp-json\/wp\/v2\/pages\/9\/revisions"}],"predecessor-version":[{"id":298,"href":"https:\/\/silviaostrovsky.com.ar\/index.php\/wp-json\/wp\/v2\/pages\/9\/revisions\/298"}],"wp:attachment":[{"href":"https:\/\/silviaostrovsky.com.ar\/index.php\/wp-json\/wp\/v2\/media?parent=9"}],"curies":[{"name":"wp","href":"https:\/\/api.w.org\/{rel}","templated":true}]}}